 o?
2, 5
Suppose 4*f = 9 - 33. Let y = -4 - f. List the prime factors of y*(7 - 0)*1.
2, 7
What are the prime factors of 9*4 + 16/8?
2, 19
Let s = -14 - -84. What are the prime factors of s?
2, 5, 7
Let t(g) = -g**3 - 3*g**2 + 3*g - 2. Let w be t(-4). Suppose -3*b - 78 = -w*h, -7*b + 2*b + h - 130 = 0. List the prime factors of (b/(-4))/(1/2).
13
Suppose -3*j = 4*d + 11, -d = 7*j - 4*j + 14. List the prime factors of (-23 + d)/(-4 + 2).
11
Let m be -2 + -21 - (1 + -3). Let o = -16 - m. What are the prime factors of o?
5
Let m(z) = z**2 + 12*z - 34. List the prime factors of m(13).
3, 97
Suppose k - 3 - 15 = l, -k = 2*l + 36. Let g = l + 6. Let m = 0 - g. What are the prime factors of m?
2, 3
Suppose -j - 4*j = 3*u + 6, -3*j = 9. Let a(d) = -d**3 + 4*d**2 + 6*d - 5. Let c be a(5). Let q = c + u. What are the prime factors of q?
3
Suppose 0 = 2*p - 3*p. Let i(n) = -n - 16. Let f be i(p). Let w = f - -23. List the prime factors of w.
7
List the prime factors of (24 + -22)*383/2.
383
Let q(h) = -h**3 - 4*h**2 - 3*h + 2. Let d be q(-3). Suppose d*a = -5*r - 7, -r + 5 + 8 = 4*a. What are the prime factors of 28/a*(0 - -1)?
7
Let p be 63/12 - (-6)/8. Let g = p - -7. What are the prime factors of g?
13
Suppose -2*a + 0 = -4. Suppose -3 = -a*j + j. Suppose 4*m - m = -j*z - 6, 5*m + 2*z = 2. List the prime factors of m.
2
Suppose -l - 2*t + 15 = 0, -2*l - 4*t + 51 = l. Let y = 31 - l. List the prime factors of y.
2, 5
Let k(r) = 4*r**2 - r - 1. Let b be k(-1). Suppose b*g - 21 = 7. List the prime factors of g.
7
List the prime factors of 375/20 + 1/4.
19
Let m be (-3 - 267/3)/(-1). What are the prime factors of m/(-20)*5*-1?
23
Let m(s) = s**3 - 7*s**2 + 9*s - 6. Suppose 0 = k - 6*k + 30. What are the prime factors of m(k)?
2, 3
List the prime factors of (-4 - -10)*(0 - -10).
2, 3, 5
Suppose 2*t + 176 = 2*q, 4*t - 5*t = -2*q + 180. What are the prime factors of q?
2, 23
Suppose 0*u = u. Suppose -4*r = -2*l + 1 - 9, u = -3*l - 3*r - 3. What are the prime factors of -1 + 6 + l + 2?
5
Let t(d) = d**2 - 9*d - 8. Let z be t(9). Let n = z - -22. List the prime factors of (1 + 0)/(1/n).
2, 7
Suppose -r = 2*z - 379, 2*r = 4*z - 0*z + 774. List the prime factors of r.
383
Suppose -c + 0*c = -7. List the prime factors of c.
7
Let c(i) = i**3 + 9*i**2 + 9*i + 11. Let a be c(-8). Suppose a*t = 3*w - 18, -4*t = -2*w + 4 + 12. What are the prime factors of w?
2
Let u(g) be the first derivative of 0*g**2 + 1 - 2*g**2 - 2*g + 5*g**2. What are the prime factors of u(2)?
2, 5
Let v be -2*1*2/(-4). What are the prime factors of 2*1/(v/8)?
2
Let h(w) = w + 7. Let t be h(-7). Suppose t = 4*x - 6*x. Suppose 3*y + 0*b - b - 37 = x, -y + 7 = b. What are the prime factors of y?
11
List the prime factors of (-1976)/(-16) - (-3)/6.
2, 31
Let y(i) = 4*i - 20. List the prime factors of y(9).
2
List the prime factors of (-626)/(-16) - ((-4)/(-32) - 0).
3, 13
Suppose 4*z - 8 = -0*z. Let t be 4/14 + (-38)/(-14). Let c = z + t. List the prime factors of c.
5
Let d(v) = v**2 + 3*v. Let j(m) = -m - m**3 - 4*m**2 - 3*m + 2*m. Let l be j(-2). What are the prime factors of d(l)?
2
Suppose -k = 4*g - g - 91, 0 = -4*g + 2*k + 118. Let x = g - 24. List the prime factors of x.
2, 3
Let y(g) = g**2 + 7*g - 19. Let f be y(6). Suppose f + 29 = 4*u. What are the prime factors of u?
2, 11
Suppose 2*j - 340 = -5*c + 6*j, -3*c = -2*j - 206. What are the prime factors of c?
2, 3
Suppose 0 = -6*q + 8*q + 100. Let j = -30 - q. What are the prime factors of j?
2, 5
Suppose -19*p + 52 = -15*p. List the prime factors of p.
13
Suppose -94 = -4*h + 34. What are the prime factors of h?
2
Suppose 530 = 5*v - p, 3*v - 3*p - 136 = 182. List the prime factors of v.
2, 53
Suppose 2*o = i, o + 3*o = 4*i. Suppose 2*p = -w + 49, 4*p + p - 5*w - 145 = o. List the prime factors of p.
2, 13
Let y be 2 - 0/(-2 + 0). Let r be y/(-1*(-6)/9). Suppose -60 = -7*l + r*l. What are the prime factors of l?
3, 5
List the prime factors of (3/(-4))/((-3)/48).
2, 3
What are the prime factors of 6*((-210)/(-9) - -2)?
2, 19
Let f(o) = o**3 - 8*o**2 + 4*o + 7. Let g = -3 - -10. Let r be f(g). Let z = -7 - r. List the prime factors of z.
7
Let u = -19 - -24. Suppose 0 = 2*j + 3*j + 20, -30 = -k + u*j. What are the prime factors of k?
2, 5
Let h be (3/((-15)/(-50)))/(2/1). Let d(t) = -t**3 + 2*t**2 + 2*t. Let q be d(3). List the prime factors of 7 + 1*(q + h).
3
Let f(b) be the third derivative of -b**5/60 + b**4/3 - b**3 - 4*b**2. List the prime factors of f(4).
2, 5
Let u(s) be the third derivative of s**5/60 + 7*s**4/24 + 2*s**3 - 2*s**2. Let w be u(-8). Suppose 4*c + 4 = w. What are the prime factors of c?
2
Let c(u) = -2*u + 3. Let q be c(-5). Let r = q + -8. List the prime factors of r.
5
Let v(k) = -37*k - 4. What are the prime factors of v(-4)?
2, 3
Let m(o) be the first derivative of o**2/2 + 14*o - 2. Let l be m(-7). Suppose 0 = d - 2*w - l, 3*d = 3*w + 22 + 5. List the prime factors of d.
11
Let f = -8 + 6. List the prime factors of 2 + (f - 3) - -13.
2, 5
What are the prime factors of (-1197)/(-6)*8/12?
7, 19
Let w = 1 + 0. Let d(q) = -4*q**2 + q. Let l be d(w). Let u = 9 - l. What are the prime factors of u?
2, 3
Let c(r) be the third derivative of -r**4/12 - 5*r**3/6 + 4*r**2. What are the prime factors of c(-8)?
11
Let s(o) = o**3 - 5*o**2 - 5*o + 5. Let t = 6 - 6. Suppose -4*q + 2*x = -t*q - 22, -q - 3*x = -9. What are the prime factors of s(q)?
11
Let u = -2 + -1. Let b(o) = -5*o - 4. What are the prime factors of b(u)?
11
Let f = 81 + -34. What are the prime factors of f?
47
Let y be ((-7)/2 + 2)*2. Let k = y + 31. What are the prime factors of k?
2, 7
Suppose 0 = -i + 1, -9 = -2*p - p - 3*i. Let d = p - -9. List the prime factors of d.
11
Let w = 5 + -1. Suppose -2*z = -6*z + 4*b + 48, -w = -4*b. What are the prime factors of z?
13
Let b(f) = f**2 + f + 1. List the prime factors of b(3).
13
Let w(u) = u - 14. Let d be w(7). Let f be 1 + -1 - (-2 - -12). Let m = d - f. List the prime factors of m.
3
Let u(v) be the first derivative of v**3/3 + 2*v**2 - 1. What are the prime factors of u(-5)?
5
Suppose 0 = 2*v - 0*v + 28. Let k = v - -36. What are the prime factors of k?
2, 11
Let n be (-12)/54 + (-38)/(-9). Suppose 26 = n*b - 54. List the prime factors of b.
2, 5
Let d be (0 - -2) + 5*6. Suppose 5*x - 3*x = d. What are the prime factors of x?
2
Let k(c) = c**2 + 9*c + 6. Suppose -2*u = -z + u + 39, -u = -5*z + 181. Suppose 6*y + z = 2*y. List the prime factors of k(y).
2, 3
Suppose -j = r - 16, 6*j = 4*j - r + 34. List the prime factors of j.
2, 3
Let x(q) = 12*q - 9 + 4*q**2 - 5*q**2 + 3 - 2*q. Let y = 17 + -10. What are the prime factors of x(y)?
3, 5
What are the prime factors of 1/1*(20 + -1)?
19
Suppose 3*p = -0*f - f + 21, 0 = 2*f - 2*p - 18. What are the prime factors of f?
2, 3
Let y(a) = -a - 1. Suppose 2*f + 3 = -x + 19, -f + 2*x = -3. Let s = f + -13. List the prime factors of y(s).
5
Suppose -20 = -2*u - 2*u. List the prime factors of u.
5
Let d = -3 + 8. Suppose 4*v + v + d*z - 35 = 0, -3*z = -3. Suppose -2*r - 3*a - 17 = -v*r, -4*r + 18 = -2*a. List the prime factors of r.
5
Let i = -13 - -20. What are the prime factors of i?
7
Suppose 3*i - 12 = -x, x - 2*x + 4*i = 9. Suppose -2*f - 7 = -x. Let v(j) = -6*j - 3. What are the prime factors of v(f)?
3
Suppose q + v + 0*v - 7 = 0, 0 = 4*q - 4*v + 4. Let c be 9/(q/1) + 1. Suppose -2*z - c = -22. What are the prime factors of z?
3
Suppose -3*w = -2*w - 23. List the prime factors of w.
23
Suppose -3*x = -6*x + 120. What are the prime factors of x?
2, 5
Let o = -4 - -2. Let q = 9 + o. List the prime factors of q.
7
Let c(h) = -3*h - 2. Let s be c(-2). Suppose 26 = s*a - 14. List the prime factors of a.
2, 5
Let z = -66 + 164. What are the prime factors of z?
2, 7
What are the prime factors of (3/6)/(2/92)?
23
Let p(d) = -d**2 - 6*d + 4. Let r be p(-6). Let f(v) = v - 1. Let t be f(r). Suppose s - 21 = -2*s - 3*q, t*s = 4*q + 49. List the prime factors of s.
11
Let s(c) = 6*c**2 + c + 1. Let i be s(-1). Suppose -3*q + 3 = -3. Let m = q + i. What are the prime factors of m?
2
Suppose 3*g = g + 26. List the prime factors of g.
13
What are the prime factors of -12*3/(-9)*4?
2
Suppose c - 13 - 17 = 0. What are the prime factors of c?
2, 3, 5
Let g(u) = -u**3 - 2*u*